emainder when 11 is divided by v.
2
Let f(t) = 68*t**2 - 2*t. Let w be f(2). Suppose 182 = 5*j - w. What is the remainder when j is divided by 23?
21
Let m be (-12)/5*50/(-15). Suppose -m = -0*o - o. Suppose -u - 4*r + 31 = 0, -5*u + 0 = 5*r - 95. Calculate the remainder when u is divided by o.
7
Let s(c) = c**3 + 4*c**2 + 3*c. Suppose -1 + 5 = g. What is the remainder when g is divided by s(-2)?
0
Suppose -5*r + 128 = -3*o, 0*o - 3*o + 68 = 2*r. Calculate the remainder when r is divided by (-20)/15*30/(-4).
8
Let l(h) = 2*h**2 + 5*h - 1. Let q be l(-3). Suppose 3*r - q*v - 2 - 71 = 0, 4*r + 5*v = 59. Calculate the remainder when 40 is divided by r.
19
Let v = 22 + -20. Calculate the remainder when v is divided by 1.
0
Let q = -17 - -30. Let n = -68 + 104. What is the remainder when n is divided by q?
10
Let y be (-2)/(-4) - 15/6. What is the remainder when -1 + (y - -4) - -3 is divided by 2?
0
Let w = -4 - -7. Let h = -3 - -3. Let i(m) = -m**3 - m**2 + 11. Calculate the remainder when i(h) is divided by w.
2
Let h(u) = -u + 3. Let n be h(-3). Calculate the remainder when 1*n*51/9 is divided by -30*1/(10/(-4)).
10
Suppose 4*s - 35 = -5*y, 2*y = -3*s - s + 50. Let v(m) = 45*m**3 - m. Calculate the remainder when v(1) is divided by s.
14
Let m(u) = -12*u**2 + 3*u. Let f be m(3). Let a be f/6*2/(-3). Suppose -q = -a + 1. What is the remainder when q is divided by 4?
2
Let z(s) = 9*s**2 + 1. Calculate the remainder when 18 is divided by z(1).
8
Calculate the remainder when 39 is divided by 7/((-49)/(-2)) + 54/7.
7
Suppose -p + 0*p + 8 = 0. Suppose -5*o - 3*u = -14, -3*o - 3*u = -u - p. Calculate the remainder when 12 + 2/(-3)*3 is divided by o.
2
Suppose 2 = i + 2*m, -1 = -2*i - 2*m + 11. What is the remainder when 39 is divided by i?
9
Let k = 6 + 18. Let q(u) = -u**2 + 11*u + 5. Let i be q(9). Let a = -10 + i. What is the remainder when k is divided by a?
11
Let p(z) = -4*z. Let t be p(-6). Let q = -1 + t. Let i(m) = m**3 + 6*m**2 - 2*m. What is the remainder when q is divided by i(-6)?
11
What is the remainder when 113 is divided by 60/10*(-19)/(-3)?
37
Let i = -10 - -31. What is the remainder when i is divided by (-15)/(-5) - (4 - 9)?
5
Let d = -5 - -7. Suppose -3*q - 21 = -5*q + 5*m, -d*q - m + 27 = 0. What is the remainder when q is divided by 1/4 - (-38)/8?
3
Let y(o) = 9*o + 8. Let j(c) = -26*c - 23. Let u(z) = -4*j(z) - 11*y(z). Let h = 30 - 21. What is the remainder when u(4) is divided by h?
6
Let n = 65 - 20. What is the remainder when n is divided by 16?
13
Let h(s) = 5*s**2 + 2*s - 3. Calculate the remainder when 50 is divided by h(-2).
11
Suppose 5*t + 32 = -m + 3*m, 4*t = -3*m + 2. Let x(l) be the second derivative of l**3/3 + 2*l**2 + 2*l. Calculate the remainder when x(3) is divided by m.
4
Suppose -3*n + 2*f + 0 = 1, 3*f + 4 = -n. Calculate the remainder when (-2)/1 - 29/n is divided by 10.
7
Let m(a) = -7*a - 5. What is the remainder when 62 is divided by m(-2)?
8
Suppose -3*k = -2*k - 47. What is the remainder when k is divided by 12?
11
Suppose -11*r = -9*r - 152. Suppose 0 = -4*k - 4*h + r, -k + 3*h = -h - 29. Calculate the remainder when 39 is divided by k.
18
Let b = -284 + 321. Let t = -18 - -31. What is the remainder when b is divided by t?
11
Let g = 45 - 22. Suppose -4*m + 3*r - 5*r = -52, 0 = -4*m + 5*r + 38. What is the remainder when g is divided by m?
11
Calculate the remainder when 21 is divided by 0 + -3 + 2 - -13.
9
Let m be (1 - -1) + 8/2. Suppose 0 = -4*y + s + 5, -2*s + 2 = 2*y - 8. Suppose -y*q = -22 - m. What is the remainder when 26 is divided by q?
12
Let m(y) = -2*y. Let n be m(-5). Let k = 1 + n. Suppose k + 6 = g. What is the remainder when 49 is divided by g?
15
Let j = 27 - -90. Calculate the remainder when j is divided by 10.
7
Suppose 4*t - t - 129 = 0. Suppose -4*d + 5*z = -55, 2*z = 5*d - 47 - t. Suppose v = -3*v + d, -3*g = v - 23. What is the remainder when g is divided by 4?
2
Suppose -1 = -3*w + 4*m, 0*w + 4*m = -4*w + 20. What is the remainder when 4 is divided by w?
1
Let o(a) = 4*a**3 + a**2. Let n be o(1). Let y(g) be the third derivative of g**4/8 + g**3 + g**2. What is the remainder when y(n) is divided by 11?
10
Let z be (2 + 1)/(1/6). Calculate the remainder when -3 + (-5)/((-5)/z) is divided by 6.
3
Suppose 3*p - 3*m = 27, -3*p + 0*m = 4*m - 62. Calculate the remainder when 83 is divided by p.
13
Let x(t) = t**3 - 10*t**2 + 3*t + 8. Calculate the remainder when x(10) is divided by 20.
18
Suppose 6*w - 4*w - 34 = 0. Calculate the remainder when 45 is divided by w.
11
Let a(u) = -u**3 + 7*u**2 + 2*u + 5. Let c be a(7). Let i(d) = -1 + 2*d**3 + 16*d**3 + d**2 + c*d**3. What is the remainder when i(1) is divided by 13?
11
Let g(h) = -1 - 9 + h + 2. Calculate the remainder when 6 is divided by g(10).
0
Suppose 5*n - 108 = -4*n. Calculate the remainder when 47 is divided by n.
11
Let s be ((-1)/3)/(1/(-21)). Suppose 5*a + 3*h - 152 = 0, s*h + 97 = 3*a + 3*h. Let q = 10 - -6. What is the remainder when a is divided by q?
15
Let o be 1 - -2 - (-3 + 2). Suppose -2*b + k = 2*b + 16, 0 = o*k. What is the remainder when b/12 + (-31)/(-3) is divided by 6?
4
Suppose 2*n = 6*n - 8. Suppose 4*o + 3*a = 2, 2*o + 3*a = 7*a + 12. Suppose 4*m + o*v - 30 = 38, -5*m = n*v - 87. What is the remainder when 36 is divided by m?
17
Let a(r) = -r**3 + 5*r**2 - r - 1. What is the remainder when a(2) is divided by -15*(4/(-3))/4?
4
Let g be (3/6)/((-2)/(-72)). Suppose -2*d - 2*i + 54 = 0, -d = -0*i + 3*i - 29. Let w = d - g. Calculate the remainder when w is divided by 3.
2
Let j = 4 + 0. Suppose -28 = j*t - 6*t. What is the remainder when t is divided by 5?
4
Let w = -10 - -15. Suppose -2*o + 113 - 31 = 4*j, o + w*j - 56 = 0. What is the remainder when o is divided by 2*-11*2/(-4)?
9
Let u = -30 - -47. What is the remainder when 65 is divided by u?
14
Let y(k) = k**2 + 3*k + 2. Let c be y(5). Let q be 1/(-2) + c/4. Suppose 3*h = 4*h - q. What is the remainder when 19 is divided by h?
9
Let a(k) = 7*k - 1. Let t be a(-1). Let j = t + 5. Calculate the remainder when (-16 + 1)/(3/j) is divided by 6.
3
Suppose -4*c - 3*v = -268, -4*v + 18 = 2. What is the remainder when c is divided by 13?
12
Suppose -1401 = 4*h + 3*f, 2*h - 2*f = h - 364. What is the remainder when 12/(-42) - h/14 is divided by 13?
12
Let q = -14 + 21. What is the remainder when (1 + 2)*13/3 is divided by q?
6
Suppose -w = -15 - 2. Suppose 3*n - 196 = -n. What is the remainder when n is divided by w?
15
Let i = 53 + 121. Suppose 0 = -4*q + 7*q - i. What is the remainder when q is divided by 15?
13
Let k(j) = j + 6. Calculate the remainder when 22 is divided by k(0).
4
Let l(g) = g**2 + 2*g - 4. Calculate the remainder when 8 is divided by l(-4).
0
Let d be 1/(-1 - 0) - 7. Let o = d - -18. Calculate the remainder when 22 is divided by (48/30)/(2/o).
6
Let f = 11 - -5. What is the remainder when f is divided by 5?
1
Let x(z) = -z**3 - 2*z**2 + 7*z + 15. Suppose -3*o - o + 22 = 2*m, -5*m - 25 = 0. What is the remainder when o is divided by x(-3)?
2
Let h(g) = 7*g - 186. Suppose a - 5 = -3. Calculate the remainder when h(27) is divided by a.
1
Let b = -148 + 163. What is the remainder when 38 is divided by b?
8
Let d(m) = -m**3 - 5*m**2 + 5*m + 8. Let c be d(-6). What is the remainder when (5 + 0)*c/5 is divided by 5?
4
Let m(a) = -a**2. Let v(f) = -18*f**2 + 1. Let h(b) = 5*m(b) - v(b). What is the remainder when (-85)/15*12/(-2) is divided by h(1)?
10
Suppose -w - 3*a + 1005 = 4*w, -1005 = -5*w - 4*a. Calculate the remainder when w is divided by 51.
48
Let p = -8 + 17. Let m = 3 - -2. Suppose 2*u = 5 + m. What is the remainder when p is divided by u?
4
Let x(n) = -n**3 + 6*n**2 + n + 2. Let j be x(6). Calculate the remainder when j/16 - (-29)/2 is divided by (0 + 24/(-9))*-3.
7
Let x(n) = n**3 - 16*n**2 + 22*n + 3. Calculate the remainder when x(15) is divided by 11.
9
Let o = 0 - -3. Let y = 24 - 28. What is the remainder when (0 + y - -9) + 3 is divided by o?
2
Let x = 136 - 120. Let w be 111/2*12/(-9). Let b = -45 - w. Calculate the remainder when b is divided by x.
13
Let i = 0 + 2. Suppose 8 = -5*n + i*a - 1, 3*n - 5*a + 13 = 0. Let d(r) = -27*r**3 - r**2 + 1. Calculate the remainder when d(n) is divided by 14.
13
Let o = 41 - -9. Calculate